56.
4
What is the highest common factor of 12904 and 46168?
8
Calculate the highest common divisor of 4058310 and 2190.
30
What is the greatest common factor of 320 and 6687680?
320
What is the greatest common divisor of 3755560 and 1280?
40
Calculate the greatest common factor of 97135500 and 2250.
750
Calculate the greatest common divisor of 13665 and 100680.
15
Calculate the highest common divisor of 918030 and 1270.
10
Calculate the greatest common factor of 101715360 and 8.
8
Calculate the highest common factor of 52733216 and 3936.
1312
What is the greatest common factor of 23503004 and 28700?
1148
Calculate the greatest common divisor of 11388 and 32155916.
3796
Calculate the greatest common divisor of 170 and 238926670.
170
Calculate the greatest common divisor of 44405 and 1720.
5
What is the highest common divisor of 5546 and 63449248?
94
What is the highest common divisor of 75 and 109137375?
75
Calculate the greatest common divisor of 4826107 and 847.
11
Calculate the highest common divisor of 2160 and 18366210.
270
What is the greatest common divisor of 231865 and 286375?
395
Calculate the greatest common divisor of 77648 and 48.
16
What is the highest common divisor of 83 and 657228860?
83
Calculate the greatest common divisor of 616 and 30228121.
77
Calculate the greatest common factor of 852730 and 233312.
634
Calculate the greatest common divisor of 1200 and 633195.
15
Calculate the greatest common factor of 348386 and 1106648.
86
What is the highest common factor of 26 and 8552?
2
What is the highest common factor of 3535905 and 22977?
2553
Calculate the greatest common divisor of 5655 and 61586070.
195
What is the highest common divisor of 1288 and 2702707?
161
Calculate the greatest common divisor of 2738 and 5266543.
1369
What is the greatest common factor of 2189 and 9999209?
11
What is the highest common factor of 37927287 and 912?
57
What is the greatest common factor of 8322987 and 276?
69
What is the highest common divisor of 3976 and 34697376?
56
Calculate the greatest common factor of 396095560 and 140.
140
Calculate the highest common factor of 1610 and 10097598.
322
Calculate the greatest common divisor of 10919217 and 3.
3
What is the greatest common factor of 5143 and 1103599?
37
What is the highest common divisor of 276563 and 4718?
7
What is the highest common factor of 105 and 551483835?
105
Calculate the greatest common divisor of 227791124 and 1376.
172
Calculate the highest common factor of 3036 and 35971356.
276
What is the greatest common divisor of 363309338 and 56?
14
What is the greatest common divisor of 441401 and 191813?
2311
Calculate the greatest common divisor of 330620 and 500.
20
Calculate the highest common divisor of 49406 and 17710.
14
Calculate the highest common factor of 3760837 and 118.
59
Calculate the highest common factor of 3318 and 8681547.
1659
What is the greatest common divisor of 3702 and 9978124?
1234
What is the highest common factor of 6370 and 2147390?
70
What is the highest common divisor of 24190720 and 260?
20
Calculate the greatest common divisor of 6551138 and 1980.
22
What is the greatest common factor of 190569 and 210220?
457
What is the highest common factor of 859775 and 578578?
2023
Calculate the greatest common factor of 38764 and 4746828.
3524
Calculate the highest common factor of 16092251 and 2994.
499
What is the greatest common divisor of 354889 and 6?
1
Calculate the highest common factor of 1966377 and 126.
21
What is the highest common factor of 2817 and 3380430987?
2817
Calculate the highest common divisor of 741 and 41663409.
57
Calculate the greatest common divisor of 7556874 and 6150.
246
What is the greatest common divisor of 210743 and 509808?
559
What is the highest common divisor of 5382 and 117119496?
1794
Calculate the greatest common factor of 85988 and 26506382.
1162
Calculate the greatest common factor of 27501330 and 15870.
690
Calculate the greatest common divisor of 18 and 24039486.
18
Calculate the highest common factor of 84660 and 43824.
996
What is the greatest common factor of 20534320 and 1392?
464
Calculate the highest common divisor of 1556 and 7613119.
389
What is the highest common divisor of 172 and 2082688?
4
Calculate the greatest common divisor of 40 and 6842210.
10
What is the greatest common factor of 238467675 and 2655?
885
What is the highest common factor of 63280 and 204400?
560
Calculate the highest common factor of 192944626 and 14.
14
Calculate the greatest common divisor of 54434 and 3446953.
1601
What is the greatest common factor of 37403198 and 644?
322
What is the greatest common factor of 574637 and 336?
7
What is the highest common factor of 4499138 and 4424?
14
What is the greatest common divisor of 12902752 and 21672?
344
Calculate the highest common factor of 704 and 1403864.
88
What is the greatest common factor of 46019033 and 3981?
1327
Calculate the greatest common divisor of 16505 and 21050477.
3301
What is the greatest common divisor of 16160877 and 381?
381
What is the greatest common divisor of 2180216 and 1058?
46
What is the greatest common factor of 71266 and 72176?
26
What is the greatest common divisor of 270564 and 18228?
84
What is the greatest common factor of 1394763 and 582?
291
Calculate the greatest common factor of 103009095 and 63.
63
What is the greatest common divisor of 273586 and 1257266?
3074
Calculate the greatest common divisor of 14450 and 437075.
25
What is the greatest common factor of 33 and 15615149?
11
Calculate the highest common factor of 651 and 2246388123.
651
Calculate the greatest common factor of 7327 and 5236219.
431
What is the greatest common factor of 24 and 5055522?
6
Calculate the greatest common factor of 5225 and 428241.
209
Calculate the highest common divisor of 22119999 and 66.
33
What is the greatest common factor of 150 and 976411725?
75
Calculate the greatest common divisor of 162 and 1370646.
18
Calculate the greatest common factor of 2026 and 11306093.
1013
What is the greatest common factor of 9593 and 767228954?
9593
Calculate the greatest common factor of 76680 and 571320.
1080
What is the greatest common factor of 3485 and 18581?
17
What is the highest common divisor of 81 and 2770212?
3
Calculate the greatest common factor of 946 and 149094.
22
Calculate the greatest common divisor of 4170 and 7050.
30
Calculate the highest common divisor of 4113795 and 112259.
1421
Calculate the greatest common divisor of 21923326 and 22.
2
Calculate the highest common factor of 476 and 29516284.
476
Calculate the highest common factor of 10368 and 156204.
36
What is the highest common factor of 297957924 and 75240?
7524
Calculate the greatest common divisor of 894 and 94521279.
447
Calculate the highest common factor of 12 and 31811751.
3
Calculate the highest common divisor of 22693536 and 1296.
144
What is the greatest common factor of 1156995 and 705?
15
What is the highest common divisor of 413657 and 1645756?
1109
What is the greatest common factor of 1564 and 174646406?
782
Calculate the highest common factor of 123 and 138161841.
123
What is the highest common divisor of 3092139 and 158?
79
What is the greatest common factor of 2438 and 5618?
106
Calculate the highest common divisor of 26992 and 1175104.
112
Calculate the highest common factor of 222214 and 20550.
274
What is the greatest common factor of 1376247128 and 1138?
1138
What is the highest common divisor of 112 and 12949984?
16
What is the highest common factor of 7147 and 12302029?
1021
What is the highest common divisor of 34093241 and 2639?
2639
What is the greatest common divisor of 96431578 and 2?
2
What is the greatest common factor of 1024 and 19470208?
128
Calculate the greatest common factor of 1683 and 133929.
9
Calculate the highest common divisor of 3364837549 and 29.
29
Calculate the greatest common divisor of 134300 and 110738.
34
What is the greatest common divisor of 1746198 and 297?
27
What is the highest common divisor of 2903606 and 1535?
307
What is the highest common factor of 14894824 and 392?
392
Calculate the greatest common divisor of 147297962 and 59906.
5446
Calculate the greatest common divisor of 36571712 and 24.
8
Calculate the greatest common factor of 531